 factor of 340 and m.
20
Let w = -34 - -47. Suppose -3*i - 3*o = -4*i - 16, 0 = 2*i + 3*o - w. Let v be (-360)/(-44) - 2/(-11)*i. Calculate the highest common divisor of 104 and v.
8
Let k be 1/(33/(-12) + 3). Suppose 55 = t + k*t + 5*q, 0 = -3*q + 6. Let f = 2078 - 1979. What is the greatest common divisor of t and f?
9
Suppose 0 = g - 3*w + w - 40, -5*g = -5*w - 180. Let y = g - -10. Let u = 44 - y. What is the greatest common divisor of 6 and u?
2
Suppose -2*z + 2*u = 6*u - 24, 2*z + u = 27. Calculate the greatest common factor of 1393 and z.
7
Suppose 0 = -21*q + 17*q + 512. Suppose 0 = 5*o - q - 142. Let r = 750 + -744. What is the greatest common divisor of o and r?
6
Let y = 2 - -6. Suppose 3840 = -0*h + 16*h. Suppose 0 = -0*n - 6*n + h. Calculate the highest common factor of n and y.
8
Suppose -2*t + 2604 = 3*m - 887, 5*t + 5*m = 8725. Calculate the greatest common divisor of 112 and t.
16
Let w = 121 + -46. Let b be (-30)/w + (-2 - (-32)/5). Suppose b*i - 36 = -0*i. Calculate the greatest common factor of i and 6.
3
Suppose z - 32817 + 4269 = -121*z. Calculate the highest common factor of z and 42.
6
Suppose 50*h - 15799 = 13279 + 16522. Calculate the greatest common divisor of 112 and h.
16
Suppose 0*j + 2*j + 200 = 5*x, 3*j = -x - 266. Let p be (200/(-30))/(5/60). Let z = p - j. Calculate the highest common divisor of 270 and z.
10
Let s be 71337/84 - 15/(-20). Calculate the greatest common divisor of 400 and s.
50
Let i(s) = 3*s**2 - 3*s - 1. Let d be i(4). Suppose -81*f + d = -86*f. Let z(n) = n**2 + 1. Let y be z(f). Calculate the highest common factor of 10 and y.
10
Suppose -233 = -4*t + 5*m, -2*t - 3*m + 20 = -91. What is the greatest common divisor of 27 and t?
3
Suppose 13 = 3*z + 12*j - 10*j, -z = 4*j - 11. Suppose -z*p + 21 = -18. Calculate the highest common divisor of 91 and p.
13
Let j = -60 + 128. Suppose v - 1361 = -5*r, 0*v + 4*v = -3*r + 820. Calculate the greatest common factor of j and r.
68
Let q be (-4 + 235/10)*12/9. Suppose 21*f - 488 + q = 0. Let w(m) = -m**3 - m. Let d be w(-1). What is the highest common factor of f and d?
2
Let h(n) = -334 + 134 + 28455*n - 28440*n. Let x be h(16). Let f = 53 + -23. Calculate the greatest common divisor of f and x.
10
Suppose 4*l = -z + 56, -83*z = -3*l - 80*z + 42. Suppose 0 = 3*a - 141 + 36. What is the greatest common factor of a and l?
7
Let u = 78 + -72. Let p be 104/32*u*(-8)/(-12). What is the greatest common divisor of 390 and p?
13
Let m be (-892)/(-4) + -7 + 2. Let s = m - 148. What is the greatest common factor of 40 and s?
10
Suppose -8*v = -p - 12*v + 12295, -v = -2*p + 24527. Calculate the highest common divisor of 47 and p.
47
Suppose 0 = -9*m + 183 - 84. Suppose -4155 = -m*l - 1339. Calculate the greatest common divisor of l and 8.
8
Suppose 6*u = 35*u - 171622. Calculate the greatest common factor of 22 and u.
22
Suppose i = 14 + 62. Let p = -55 + i. What is the greatest common factor of 7 and p?
7
Suppose -129*r + 371*r - 3899 = 41355. What is the greatest common factor of r and 153?
17
Let q(p) = 22*p**2 - 3*p - 4. Let s(z) = z**2 + 7*z + 2. Let t be s(-7). Let w be q(t). What is the highest common factor of w and 18?
6
Let o be -1*(-4 + 3 + -11). Suppose l - 2*f - 264 = 0, 528 = 2*l - 2*f + 4*f. Suppose l = 28*j - 26*j. Calculate the highest common divisor of o and j.
12
Let n be 33 + 994 - (2 + -1)*-6. Suppose -17*h - 353 + n = 0. Suppose 165 = 2*a - 35. What is the highest common factor of h and a?
20
Let h be (4 + (-1 - 1))*165/(-44)*-4. Suppose -k + 20 = -0*k. Suppose -2*c + 3*x = -15, -k = x - 5*x. What is the greatest common divisor of h and c?
15
Let l(h) = h**3 + 17*h**2 - 2*h + 58. Let z be l(-12). Let s = 804 - z. What is the highest common divisor of 14 and s?
2
Let v(y) = 167*y**2 - 114*y - 696. Let x be v(-6). What is the greatest common factor of x and 480?
240
Let q = -492 + 492. Suppose q = 40*j - 41*j + 144. Calculate the greatest common divisor of j and 9.
9
Let g = 39 - 30. Suppose 0 = 3*x + 2*o - 16, 3*x + 0*o = 3*o - g. Suppose 2*a = 2*y - 0*y + x, 2*y + 2*a = 6. What is the greatest common divisor of 2 and y?
1
Let n(q) = -2*q**3 + 10*q**2 + 17*q - 19. Let v(w) = -w**2 + 21*w - 14. Let a be v(20). Let g be n(a). Calculate the highest common factor of g and 517.
11
Let b be 378/8 + (-9 - (-39)/4). Calculate the greatest common factor of 69 and b.
3
Let z(k) be the first derivative of -59*k**2/2 + 236*k - 338. Let o be z(0). What is the greatest common factor of o and 4?
4
Suppose 3192 = 47*j - 35*j. What is the highest common divisor of 456 and j?
38
Let y = 5387 + -5101. Let b(d) = -27*d**3 - d**2 + d + 1. Let x be b(-1). Calculate the greatest common factor of x and y.
26
Let t(n) = -n**3 - 13*n**2 + 48*n - 393. Let q be t(-18). Suppose 0 = c - 3*a - 139 - 8, 0 = c + a - 127. Calculate the highest common divisor of c and q.
33
Let v(c) = 64*c**2 - c. Let k be v(1). Let f(m) = -2*m**3 + 153*m**2 + 188*m + 3623. Let o be f(78). What is the highest common factor of k and o?
7
Suppose 3*r - 6 = 0, 5*y - 6*y + 14 = 2*r. Suppose 0*q + 169 = -4*q - 5*k, -3*q + 3*k = 93. Let x = q + 76. What is the greatest common divisor of x and y?
10
Let q be (1 + 378/(-15))/((-546)/150150). What is the highest common factor of q and 385?
55
Let v(i) = 55*i**3 - i**2 - 2*i - 2. Let l be v(-1). Let u = 66 + l. What is the greatest common divisor of u and 20?
10
Suppose -3*f + 77245 + 152237 = 58*f. What is the greatest common divisor of f and 266?
38
Suppose 0 = -5*r + 613 - 13. Suppose r = 6*z - 4*z. Suppose 3*g + 6 = -3*c + 24, -5*g = -5*c - z. Calculate the highest common factor of g and 36.
9
Let i(l) = -l**3 - 13*l**2 - 27*l - 127. Let q be i(-29). What is the highest common divisor of 1440 and q?
288
Let x(h) = 2*h**3 + 45*h**2 - 33*h - 214. Let q be x(-23). Calculate the greatest common factor of 176 and q.
16
Suppose 7*v = -5*h + 9*v + 1492, 2*h - v - 597 = 0. What is the greatest common factor of 8046 and h?
298
Let g = 6439 - 6437. What is the greatest common divisor of g and 866?
2
Suppose 98*k - 70*k = 57792. What is the greatest common factor of k and 528?
48
Let s = 10 - 8. Suppose 0 = s*g + 3*q + 7, -q = -5*q - 20. Suppose -1 = -n + 9. Calculate the highest common divisor of n and g.
2
Suppose -94*b + 24 = -90*b. Suppose -b*w - 299 = -1529. Calculate the highest common divisor of 164 and w.
41
Let s be (-18)/4*(-2 - (-42)/27). Let b = s - -3. Suppose 56 = 3*m - 3*y + y, b*y + 90 = 5*m. What is the greatest common divisor of 40 and m?
20
Let t = 93 - -253. Let b = t - 265. What is the greatest common factor of 27 and b?
27
Let n be (-8 - (-15)/(-3))/(((-6)/8)/3). Calculate the greatest common factor of 8112 and n.
52
Let d = 3887 - 3166. Calculate the greatest common divisor of d and 56.
7
Let p be 62120/29507 + 1 + 42/(-38). Let l = 2 - -16. What is the greatest common divisor of l and p?
2
Suppose 0 = 2*u - 3*m + 51 - 90, 5*m = 5*u - 80. Let h(w) = w**2 - 3*w - 7. Let r be h(10). What is the greatest common divisor of r and u?
9
Let a(x) = 9*x - 72. Let w be a(34). Let g be (52/(-10))/((-1)/5). Suppose 4*c - 5*c + g = 0. Calculate the greatest common factor of w and c.
26
Suppose -14*g - 688 = -940. Let m be 1*(-54)/(-15)*35. Calculate the highest common factor of m and g.
18
Let o = 1131 - 790. What is the highest common divisor of o and 11?
11
Let n = 58461 + -32157. What is the highest common divisor of n and 192?
192
Suppose -3*i = -40*i - 66*i + 60770. What is the highest common divisor of 40 and i?
10
Let q = 7741 - 7725. Suppose -5*s = 104 - 744. What is the highest common factor of q and s?
16
Let c be -5 - (-8 + 4 + -6). Suppose c*a = 25, a = 2*z - 43 + 2. What is the greatest common factor of z and 161?
23
Suppose 0 = -30*p + 28*p - z + 882, 1336 = 3*p - 5*z. What is the highest common divisor of p and 455?
13
Let v be ((-35)/(-70))/((-2)/12). Let t(f) = -f**3 - 2*f - 5. Let y be t(v). What is the highest common divisor of y and 182?
14
Let o = 71155 + -71137. Suppose 4*n + 2*m - 496 = 0, -2*n - 3*n = -4*m - 646. What is the highest common divisor of n and o?
18
Let m = -854 - -54. Let z = m - -805. What is the highest common factor of 670 and z?
5
Let l = -2456 - -4496. Calculate the highest common divisor of l and 75.
15